 7, what is -150 - -31?
-116
In base 3, what is -112 + -1011?
-1200
In base 8, what is 10 - -12?
22
In base 7, what is -265 - 0?
-265
In base 4, what is -212332 - 0?
-212332
In base 9, what is -4 - -426?
422
In base 7, what is 13 - 515?
-502
In base 15, what is -3 + 51?
4d
In base 4, what is -101222 - 2?
-101230
In base 5, what is 114 + 32?
201
In base 11, what is 444 + -2?
442
In base 6, what is 4 + -105353?
-105345
In base 7, what is -142 + -123?
-265
In base 13, what is 5 + 35?
3a
In base 11, what is -208 + 30?
-188
In base 4, what is 11 - 1120?
-1103
In base 9, what is -4 + 127?
123
In base 11, what is -2619 + 0?
-2619
In base 7, what is -5 + 1202?
1164
In base 8, what is -1437 - 5?
-1444
In base 9, what is 25 - -6?
32
In base 15, what is 94 + -5?
8e
In base 14, what is -62 - -3?
-5d
In base 11, what is 4 - -190?
194
In base 14, what is c - 12c?
-120
In base 10, what is -5 - -56?
51
In base 16, what is 2 + b?
d
In base 14, what is -a9 - 7?
-b2
In base 2, what is 100 + 100011101?
100100001
In base 13, what is -19 - -168?
14c
In base 8, what is 4 + -710?
-704
In base 4, what is 120132 - -11?
120203
In base 10, what is 1 + -89?
-88
In base 12, what is 5 - -44?
49
In base 16, what is 11 - -15b?
16c
In base 4, what is 21323 - -3?
21332
In base 7, what is 2020 - 5?
2012
In base 14, what is -4 + 2?
-2
In base 3, what is -221210101 + 0?
-221210101
In base 11, what is -1 - -24?
23
In base 3, what is 0 + 101?
101
In base 2, what is -1000110 - 10?
-1001000
In base 7, what is 2 + 416?
421
In base 8, what is -11 + 6?
-3
In base 11, what is -313 + -8?
-320
In base 13, what is 1795 - 4?
1791
In base 14, what is 2 - -1b94?
1b96
In base 10, what is 8154 - -3?
8157
In base 2, what is -111 - -1001?
10
In base 15, what is 0 - adb?
-adb
In base 12, what is -4 + 3719?
3715
In base 8, what is 4 - -52?
56
In base 16, what is 6 + 2a?
30
In base 8, what is 406 - 3?
403
In base 14, what is 0 - -11?
11
In base 6, what is 5 - -310?
315
In base 3, what is 100 - -1012?
1112
In base 2, what is 110 + -111001001?
-111000011
In base 10, what is -2 - -39?
37
In base 11, what is 4 + 92?
96
In base 15, what is -33 + 8?
-2a
In base 10, what is -4 + -450?
-454
In base 13, what is -b - 6?
-14
In base 8, what is 6042 - -5?
6047
In base 10, what is -1064 + -2?
-1066
In base 7, what is 0 - -23342?
23342
In base 11, what is 3 - 76?
-73
In base 15, what is 7 + 3?
a
In base 3, what is 2 + 2010?
2012
In base 12, what is -812 + -1?
-813
In base 15, what is 571 - -1?
572
In base 16, what is -f03 + -5?
-f08
In base 3, what is -2022 + 22?
-2000
In base 5, what is -3 + -1140?
-1143
In base 7, what is 421 + 1?
422
In base 5, what is -301222 + 4?
-301213
In base 10, what is 26 - 5?
21
In base 11, what is -255 - -4?
-251
In base 2, what is 110 - -10000?
10110
In base 6, what is -401 - -2?
-355
In base 14, what is -4d9 + 1?
-4d8
In base 13, what is 662 + -10?
652
In base 2, what is -1101100100 + 10000?
-1101010100
In base 10, what is -1 - -4519?
4518
In base 8, what is -10 + -44?
-54
In base 9, what is 76 - 48?
27
In base 4, what is 103 + -33?
10
In base 7, what is 4 - 620?
-613
In base 11, what is -1 + -417?
-418
In base 10, what is -33535 + 3?
-33532
In base 12, what is -25 + -16?
-3b
In base 9, what is 43 + -202?
-148
In base 2, what is 100101100110 + 10?
100101101000
In base 13, what is 96 + 26?
bc
In base 12, what is 2b - 2?
29
In base 15, what is 154 - 2?
152
In base 5, what is -3 - -143?
140
In base 5, what is 4020 + -2?
4013
In base 2, what is 11111010 + 10?
11111100
In base 3, what is 1 + -12110?
-12102
In base 13, what is 4ac + -8?
4a4
In base 12, what is 32 + -2?
30
In base 12, what is -3 + -9?
-10
In base 14, what is -5 - 17a?
-181
In base 6, what is -25005 - 1?
-25010
In base 6, what is -3 + -132?
-135
In base 4, what is -222103 - 11?
-222120
In base 4, what is 23 - -22211?
22300
In base 14, what is c70 - -5?
c75
In base 11, what is 22a07 - -4?
22a10
In base 14, what is -1d - 73?
-92
In base 11, what is 4 + 3553?
3557
In base 3, what is -202021 + -1220?
-211011
In base 6, what is 3 + -20533?
-20530
In base 6, what is -10100 + -5?
-10105
In base 14, what is 2 - 84?
-82
In base 10, what is -1653 + 1?
-1652
In base 5, what is 10 + 34?
44
In base 11, what is 8 - -281?
289
In base 9, what is 7 + 627?
635
In base 8, what is 20 - -5?
25
In base 5, what is 22340 + 1?
22341
In base 12, what is 0 + -103?
-103
In base 5, what is -3100 - 1?
-3101
In base 8, what is 24244 - 2?
24242
In base 15, what is ad - 2?
ab
In base 4, what is -11 - 1132?
-1203
In base 15, what is -4e5 + -4?
-4e9
In base 9, what is 4 + 135?
140
In base 16, what is 1d - 1?
1c
In base 6, what is -10134 + -5?
-10143
In base 2, what is -10 + 10001?
1111
In base 11, what is 3 - -a3?
a6
In base 14, what is d64c - 5?
d647
In base 14, what is -12 - -239?
227
In base 2, what is -100011010 - -101?
-100010101
In base 6, what is 1452 - 30?
1422
In base 16, what is 2 + 1d?
1f
In base 15, what is 0 - -2c9?
2c9
In base 2, what is -11000 + -100101?
-111101
In base 14, what is 5 + 4ac?
4b3
In base 6, what is -21035 + 1?
-21034
In base 9, what is 3 - 58?
-55
In base 4, what is -20330 - -10?
-20320
In base 9, what is 3 + 462?
465
In base 3, what is -22 + 10?
-12
In base 12, what is 11 + 2?
13
In base 14, what is -4 + -127?
-12b
In base 16, what is 244 + -3?
241
In base 8, what is -4 - 1366?
-1372
In base 9, what is 0 + 52?
52
In base 13, what is 1 + 28?
29
In base 10, what is -1 - 517?
-518
In base 12, what is -9 + -98?
-a5
In base 4, what is -30 + 3?
-21
In base 16, what is 1d + -2?
1b
In base 8, what is 51 - -5?
56
In base 11, what is 4a + -15?
35
In base 16, what is 3e - 4?
3a
In base 2, what is 0 - -1011010?
1011010
In base 10, what is 1867 - -8?
1875
In base 7, what is -2553 - -4?
-2546
In base 3, what is 11 - -20010020?
20010101
In base 12, what is 108b2 + -2?
108b0
In base 14, what is 5 + -1a0?
-199
In base 15, what is 3b + -1d?
1d
In base 10, what is -9 + 20?
11
In base 8, what is 10 + -1056?
-1046
In base 7, what is -2 + 322?
320
In base 10, what is -115 + 8?
-107
In base 4, what is -100 - -2?
-32
In base 4, what is -2 - -30230?
30222
In base 14, what is -6 - -3b0?
3a8
In base 11, what is 1181 + 3?
1184
In base 3, what is -20 - -212?
122
In base 7, what is 2 + -3?
-1
In base 7, what is 115 - -5?
123
In base 5, what is 21 + -10?
11
In base 5, what is 2 - -341?
343
In base 11, what is -1782 - 1?
-1783
In base 16, what is 76 + -2?
74
In base 16, what is 2 - c67?
-c65
In base 9, what is 4 - 258?
-254
In base 10, what is -469 - 8?
-477
In base 8, what is -12 - -321?
307
In base 9, what is -87 - -76?
-11
In base 12, what is 4 + 698?
6a0
In base 3, what is 212200 - -10?
212210
In base 10, what is -9 + -24?
-33
In base 15, what is 4 - -1b?
20
In base 8, what is -72 + -1?
-73
In base 9, what is 26 + 0?
26
In base 14, what is c - c?
0
In base 3, what is 10010010 + 11?
10010021
In base 13, what is -1 + a8?
a7
In base 15, what is 2c - 6?
26
In base 14, what is 854 + 2?
856
In base 3, what is -210 - -11?
-122
In base 2, what is -100 + 10011?
1111
In base 3, what is 121 + 1211?
2102
In base 10, what is 562 - -3?
565
In base 8, what is 1 - -453?
454
In base 14, what is 9 + 2a?
35
In base 16, what is -1 - 17?
-18
In base 4, what is 1213331 - -10?
1220001
In base 2, what is -1001110 - -1011?
-1000011
In base 14, what is -9 - 1?
-a
In base 2, what is 100 - -11100?
100000
In base 10, what is -38 - -3?
-35
In base 14, what is -5 + -214?
-219
In base 15, what is -c2 + 5?
-bc
In base 7, what is 21613 + 3?
21616
In base 9, what is -381 - -5?
-375
In base 2, what is -111 - 11100110110?
-11100111101
In base 3, what is -21 - 1002?
-1100
In base 7, what is -2 + 6644?
6642
In base 9, what is -1 + 814?
813
In base 13, what is -b + -2b?
-39
In base 3, what is -221 - 10?
-1001
In base 11, what is 5 - -11?
16
In base 16, what is 2 - -2a?
2c
In base 11, what is 8 + -161?
-154
In base 14, what is -4 + 1c33?
1c2d
In base 2, what is -1011101 + 110101?
-101000
In base 10, what is 5 + -501?
-496
In base 5, what is 11 - 11414?
-11403
In base 16, what is -4 + 1a?
16
In base 11, what is -a98 - 8?
-aa5
In base 14, what is 36 - 20?
16
In base 6, what is -223 - 2?
-225
In base 4, what is -1 + -113233?
-113300
In base 10, what is 1 - 23?
-22
In base 15, what is -229 - 5?
-